)?
3
Let k(h) = -h**3 + 13*h**2 - 5*h + 3. What are the prime factors of k(10)?
11, 23
Let a(y) = y + 4. Let x(u) = u**2 - 7*u + 2. Let o be x(7). Let g be a(o). List the prime factors of -28*g/(-8)*2.
2, 3, 7
Suppose 0 = 5*l - 2*q - 30, -3*l - 5*q - 14 + 1 = 0. Suppose l*y = 5*x + 116, x - 76 = -4*y - 4*x. What are the prime factors of y?
2, 3
Suppose m - 32 = -12. Suppose 5*a = m + 5. List the prime factors of a/(-25) + (-482)/(-10).
2, 3
Let z be ((-140)/42)/(2/(-3)). Suppose z*o - 4*i = 50 + 143, 3*i + 154 = 4*o. What are the prime factors of o?
37
Let x = 90 + 13. Let y = 164 - x. List the prime factors of y.
61
Let p be 2/(-8) - 189/28. Let h(t) = -t**2 - 6*t + 11. Let d be h(p). Suppose -2*i - 2*i - 5*k + 44 = 0, 2*i = -d*k + 28. What are the prime factors of i?
2, 3
What are the prime factors of 150/(-375) + -2 + (-10717)/(-5)?
2141
Let f = 664 + -580. What are the prime factors of f?
2, 3, 7
Suppose 2*j - w - 523 = 0, 3*w + 4 = -11. List the prime factors of j.
7, 37
List the prime factors of (4 + -7 - 3) + 126.
2, 3, 5
Let x = 1005 + -1106. Let t = -302 + 149. Let c = x - t. What are the prime factors of c?
2, 13
Suppose -22*o + 20*o + 1360 = 0. What are the prime factors of o?
2, 5, 17
Let n(z) = -23*z + 35 - 63 + 32 + 15. What are the prime factors of n(-4)?
3, 37
Let f(j) = -77*j + 83. What are the prime factors of f(-10)?
853
Let w = -7 - -5. List the prime factors of w*(-1 + 5 - 8).
2
Let o be 616/18 + 18/(-81). Suppose -2*a + o = -0*a. List the prime factors of a.
17
Suppose 7*y = 5 + 9. Suppose -3*o - 4*j + 12 = 0, y*j + 4 + 8 = 3*o. Suppose -h - 21 = -o*h. List the prime factors of h.
7
Let l(m) = 209*m**2 + 3*m + 3. Let v be l(-1). Suppose -4*b = i + 3*i - 284, -3*b = 4*i - v. What are the prime factors of b?
3, 5
Suppose -2*l + 5*g = -500, 0*g - g = 4*l - 1000. What are the prime factors of l?
2, 5
Suppose -2*x - x + 54 = 0. Suppose -x = -q - 2*u, -4*q + 5*u + 68 = -30. List the prime factors of q.
2, 11
Suppose j + 110 = -j. Let h = -38 - j. List the prime factors of h.
17
List the prime factors of (-34 + 44)*11*29/2.
5, 11, 29
Suppose -2*y + 138 = s, 0*s + y = 5*s - 657. Let j = s - 77. What are the prime factors of j?
5, 11
Suppose 3*j = 0, 2*v - 2*j - 2564 = -j. List the prime factors of v.
2, 641
Suppose -8793 = 10*u - 23043. List the prime factors of u.
3, 5, 19
Suppose 71497 = -9*q + 62*q. What are the prime factors of q?
19, 71
Let d = 72 - 67. What are the prime factors of (-2)/(4/d)*126/(-5)?
3, 7
Suppose 0 = 16*f - 17*f - 3. Let j(l) = l**2 + l + 5. List the prime factors of j(f).
11
Let i(g) be the third derivative of -5*g**4/4 - 8*g**2. Let h be i(2). Let a = h - -121. What are the prime factors of a?
61
Let c(i) = 14*i - 24. List the prime factors of c(13).
2, 79
Suppose 3*f + 0 = 6. Suppose -f - 4 = -2*x. Suppose 72 = x*y + 3. List the prime factors of y.
23
List the prime factors of (3960/(-252))/((-4)/280).
2, 5, 11
Let n(s) be the third derivative of -s**5/60 - 5*s**4/8 + s**3/6 - 21*s**2. What are the prime factors of n(-14)?
3, 5
Let v(z) be the second derivative of -z**5/20 - z**4/12 + z**3/3 - 3*z**2/2 - 10*z. Let m(a) = -a**2 - 3*a. Let h be m(-4). List the prime factors of v(h).
37
Suppose -5*h + 1 + 11 = -3*r, -3*h - 4*r - 16 = 0. Suppose -3*j + 10 = -5*j, h = -4*g - 5*j + 279. List the prime factors of g.
2, 19
Suppose 4*m = -2*w + 52, -2*m - 82 = -2*w - 0*w. Suppose -r + 4*r = q - w, -5*q + 3*r = -156. Suppose -q = 3*x - 192. What are the prime factors of x?
2, 3
Suppose -16*y = -18*y - g + 1561, 4*g - 2349 = -3*y. List the prime factors of y.
19, 41
List the prime factors of ((-33120)/(-805))/(3/56).
2, 3
Suppose -61*i = -60*i + 8. List the prime factors of 12/(-48) - 1498/i.
11, 17
Let r(z) = -9*z - 2. Let k(u) = -17*u - 4. Let c(l) = -6*k(l) + 11*r(l). Let q be 7 + (-2)/(2/(-1)). What are the prime factors of c(q)?
2, 13
Suppose -z + 10 = z. Let g(o) = 22*o + 22. What are the prime factors of g(z)?
2, 3, 11
Suppose 89 - 9161 = -27*g. List the prime factors of g.
2, 3, 7
Let k be 2*(-9)/4*2. Let i = k + 24. Suppose -17*a = -i*a - 48. What are the prime factors of a?
2, 3
Suppose 3*b + 3*y - 148 = y, 2*b - 116 = 3*y. List the prime factors of b.
2, 13
Let z = -120 + 528. What are the prime factors of z?
2, 3, 17
Suppose 36*i = 100*i - 71360. What are the prime factors of i?
5, 223
Let s(x) = -x**2 - 7*x + 4. Let y be s(-4). Let v = y + -15. List the prime factors of (v - -3) + (-792)/(-18).
2, 3
Let x be 2*(3444/(-91) + (-6)/39). Let s = 260 - x. List the prime factors of s.
2, 3, 7
Let l(a) = 10*a**2 + 6. Let i be l(3). Suppose -5*s + 5*b - 4 + 154 = 0, 3*s - b = i. List the prime factors of s.
3, 11
Let h = 828 + -533. Suppose -4*i = d - 239, -5*d + h = i + 4*i. What are the prime factors of i?
2, 3, 5
Suppose -14*y = -23896 - 478. List the prime factors of y.
1741
Suppose -6*r = -928 - 1226. List the prime factors of r.
359
Let u be (-171)/(-12)*114*6/27. Let z = u - 256. What are the prime factors of z?
3, 5, 7
Let h(c) = -38*c + 50. List the prime factors of h(-1).
2, 11
Suppose 67 = 3*k - 80. List the prime factors of 4/(-14) - (-4669)/k.
5, 19
What are the prime factors of 5971 + -2 + (-540)/45?
7, 23, 37
Suppose 0 = t + t - 4*g, 9 = 5*t - g. Let x be 6*t/(-10)*-15. Suppose x + 3 = 3*z. What are the prime factors of z?
7
Let g be 40 + (-7)/((-28)/(-16)). Suppose 3*v = -9, -7*v = -2*n - 2*v + 29. Let x = g - n. List the prime factors of x.
29
Let l(f) = -2*f**3 - 25*f**2 - 14*f - 35. List the prime factors of l(-13).
2, 79
Let o(m) = 16*m**2 - m - 1. Let q = 7 + -9. List the prime factors of o(q).
5, 13
Suppose -49*n = 80 - 127431. List the prime factors of n.
23, 113
Suppose -4*r - 3*y - 8 = -7*y, 0 = -5*r + 4*y - 6. Suppose 0 = 4*v - 5*v - r. List the prime factors of 0 + v + 2 - -5.
5
Let j(u) = -u**3 + 33*u**2 + 16*u + 59. List the prime factors of j(33).
587
Suppose 0 = -4*t + 2*s - 2 + 4, 0 = -4*s + 20. Let w(b) = b**3 - 3*b**2 + 3*b + 3. Let u be w(t). Let h = u - 2. What are the prime factors of h?
2, 5
Let o = -12 - -8. Let s(b) = -b**3 - 5*b**2 - 5*b. Let a be s(o). Suppose 53 + 35 = a*g. What are the prime factors of g?
2, 11
Suppose 4*d + 4 = -5*b, 5*b - 3*b + 1 = -d. Suppose b = c - 3*h - 47 - 16, 2*c + 4*h = 166. Let j = c - 50. List the prime factors of j.
5
Suppose -2*b - 2898 = -4*b + 2*z, -3*z - 7251 = -5*b. What are the prime factors of b?
2, 3, 11
Suppose 2*n = -2*o + o - 9, -o = 5*n + 21. Suppose -2*x = p - 88, 2*p = -5*x + 24 + 197. Let b = x - n. What are the prime factors of b?
7
Suppose p + 231 = 1934. What are the prime factors of p?
13, 131
Suppose -23 = -4*b - 7, -1139 = -5*u - b. What are the prime factors of u?
227
Suppose q - 2*q = -530. List the prime factors of q.
2, 5, 53
List the prime factors of -186*(-120)/16 + -3.
2, 3, 29
Let h be 1*18/4*2. Suppose -4*d + h*d = -10. What are the prime factors of (-2 + 4)/d - -9?
2
Suppose 4*h - 3*h = 3*w + 2167, 0 = 5*h + w - 10755. List the prime factors of h.
2, 269
Let n(y) = 5*y + 10. Let b(d) = -d**3 + 12*d**2 - 11*d + 15. Let t be b(11). Suppose t*f - 16*f + 7 = 0. What are the prime factors of n(f)?
3, 5
Suppose 0 = w - 54 + 38. Let l(f) = -f**2 + 30*f - 26. List the prime factors of l(w).
2, 3, 11
Let j = 11 + -35. Let f = 55 - j. What are the prime factors of f?
79
What are the prime factors of (-9 - -16 - 8)*-7*38?
2, 7, 19
Let h(a) = -a + 1. Let p(c) = -30*c + 20. Let q(s) = 20*h(s) - p(s). Let o(z) = z**2 - 11*z - 1. Let r(b) = 2*o(b) + 3*q(b). List the prime factors of r(-6).
2, 11
Let j(w) = 3*w**2 + 3*w - 7. Let u be j(-6). Suppose o - u = 4*d - 489, -4*o = d - 93. Suppose 11 + d = 2*n. What are the prime factors of n?
2, 7
Suppose 3*w - 5*l - 33 = -3, 0 = -5*w - 2*l + 19. Suppose -4*u = w*k - 104, -5*u + 0*k + 159 = -k. List the prime factors of u.
31
Let z = 39 + -26. Let f = z + -8. Suppose -j + 3*a = -5, 0*j - a = -2*j + f. List the prime factors of j.
2
Let n(j) = 4*j**2 - 7*j - 5. Let a(t) = -t**2 + 29*t - 61. Let k be a(27). List the prime factors of n(k).
2, 3, 5
Let b(p) = 2*p**2 + 3*p - 5. Let r be b(3). What are the prime factors of r/(-5*(-2)/40)?
2, 11
Let d(q) be the second derivative of -q**4/12 - q**3/2 - q**2 - q. Let h be d(-7). List the prime factors of (10/h)/(1/(-57)).
19
Suppos